rime factors of s.
3, 67
Let q be (-1 + 1/4)*-4. Suppose -12 = 5*j + q. What are the prime factors of (-96)/j + (-4 - -2)?
2, 3, 5
Let a(z) = z**3 - 4*z**2 - 3*z - 5. Let q be a(5). Let y = q - 2. Suppose -y*j + 68 = 4*u - 31, -41 = -u - 4*j. What are the prime factors of u?
3, 7
Let f(c) = -2*c**2 + 12*c - 7. Let x be f(5). Suppose 20 = 5*u + 3*s, -x*s - 29 = 2*u - 4*u. What are the prime factors of u?
7
Suppose 6*i = -13 + 241. List the prime factors of i.
2, 19
Suppose 0*r = r + 4*f - 28, 3*f + 36 = 4*r. Let m = -17 + 24. Suppose r*z = m*z + 120. What are the prime factors of z?
2, 3
Let h be 331/(-4) - 3/12. Let x = h - -180. List the prime factors of x.
97
Let l = -1117 + 4270. List the prime factors of l.
3, 1051
Let y(i) = 3*i + 33 + 4*i + 3*i**2 + 6*i. What are the prime factors of y(-9)?
3, 53
Let f(x) = -6*x**2 + 2 - 14 - 2*x + x - x**3 - 5*x. List the prime factors of f(-7).
79
Suppose 13*v - 17*v = -416. Let l = v - 84. What are the prime factors of l?
2, 5
Let q(o) = 79*o - 285. What are the prime factors of q(38)?
11, 13, 19
Suppose j + 3*i + 121 = -0*i, 3*j + 3*i + 387 = 0. Let r = 258 + j. What are the prime factors of r?
5
Suppose 4*z = w + 2, -5*w + z + 7 = -21. Let q(v) = 5*v - 15. Let j(a) = a**2 - 28*a + 76. Let t(s) = 2*j(s) + 11*q(s). What are the prime factors of t(w)?
53
Suppose -13*q + 7*q = -6546. Suppose 5*n + 3*j - q = 0, 0 = 2*n + 2*n - 2*j - 864. List the prime factors of n.
7, 31
Suppose -3*l - 51 = -3*n, -2*l + 43 = 3*n + 3*l. Let m = n + -14. Suppose -3*v + m*x = -0*v - 100, 4*v - 2*x = 130. What are the prime factors of v?
2, 3, 5
Let l = 190 - 43. What are the prime factors of l?
3, 7
Suppose -5*w - 5*i = -4*i - 40, -5*i = -3*w - 4. Let z(n) = n**3 - 8*n**2 + 4*n - 3. Let m be z(w). Let j = m - -37. What are the prime factors of j?
13
Let g(m) be the third derivative of 0 + 0*m + 0*m**3 - 6*m**2 + 31/24*m**4. What are the prime factors of g(1)?
31
Let n = 3349 - 713. What are the prime factors of n?
2, 659
Let h be 12/(-10)*(-10)/(-4). Let c be h*(-3)/(-9) - -8. Suppose c*s = -225 + 596. What are the prime factors of s?
53
Suppose 8*w - 2*w = 18. Suppose -2*o - q + 149 = 0, -o + 5*q = w*o - 263. List the prime factors of o.
2, 3
Let w(s) = -39*s - 230. What are the prime factors of w(-20)?
2, 5, 11
Let q(w) = -w**3 - 3*w**2 - 8*w - 15. Let d = 9 + -15. What are the prime factors of q(d)?
3, 47
Let v = 4 + 6. Suppose 0 = -3*l + 2*f - 0*f + v, 4 = 2*l - 4*f. Suppose -2*t - l + 30 = 0. List the prime factors of t.
13
Let a = 399 - -147. Suppose 5*s = -a + 1626. Suppose 3*p = -81 + s. What are the prime factors of p?
3, 5
Suppose 18 = 10*q - 12. Suppose -q*f - 5*j = -2*f - 139, 5*f = -5*j + 595. List the prime factors of f.
2, 3, 19
Suppose 0 = -4*z + 8*z - 48. Suppose 3*l = -z + 114. What are the prime factors of l?
2, 17
What are the prime factors of (64/48)/((-2)/(-180))?
2, 3, 5
Suppose 0 = 4*g + w - 0*w + 3, -3*g - 5*w + 2 = 0. Let f be g*3 + (-408)/8. Let p = 78 + f. List the prime factors of p.
2, 3
Suppose -2*a + 18 = 4*m, 17 = 2*m + 2*m + a. Let o(f) = 2*f**3 - f**2 + 14*f - 14. List the prime factors of o(m).
2, 7, 11
List the prime factors of ((-138)/5)/(-6)*25.
5, 23
Let t(i) = 17*i - 10. Let b(q) = -4*q - 16. Let m(g) = -g - 1. Let n(k) = -b(k) + 5*m(k). Let r be n(8). What are the prime factors of t(r)?
41
Let c(g) = 3*g**3 - g**2 + 6*g - 110. What are the prime factors of c(6)?
2, 269
Suppose 0 = 285*k - 290*k + 535. What are the prime factors of k?
107
Let f(x) = 7*x + 40. List the prime factors of f(12).
2, 31
Suppose -4*b = l + 4*l - 22, 2*l = -b + 4. Suppose -1246 = -b*o + 114. List the prime factors of o.
2, 5, 17
Let o(j) = 2*j**2 + 11*j. Let p be o(-5). Let c(d) = -3*d + 11. List the prime factors of c(p).
2, 13
What are the prime factors of 1775 + (12/3 - 8)?
7, 11, 23
Suppose 7*b - b - 12 = 0. Let m(c) = 14*c - 8. What are the prime factors of m(b)?
2, 5
Suppose 4*q + 4*a = 1500, -3*q + 20*a = 16*a - 1111. List the prime factors of q.
373
Let g(v) = 15*v**2 + 21*v - 16. What are the prime factors of g(-7)?
2, 11, 13
Let c be 0*(-4 - (-44)/12). Suppose c = 3*m - 18 - 6. What are the prime factors of m?
2
Let f = 25 + -23. Suppose -3*b = -5*p + 6, 0 = 2*b - f*p + 2 + 2. Let z = 51 + b. List the prime factors of z.
7
Suppose 2*w + 28 = 4*b, -3*b - 2*w + 2 = -b. Let o(c) be the third derivative of c**5/20 - 3*c**4/8 - c**3/6 - 2*c**2. What are the prime factors of o(b)?
29
Let q(l) = -28*l**2 + 8*l - 21. Let b(g) = -57*g**2 + 15*g - 43. Let f(u) = 2*b(u) - 5*q(u). List the prime factors of f(2).
103
Let h be (-5)/(-3) - 5*(-2)/(-15). List the prime factors of (-2)/h + 3 + 63.
2
Let o be 24/7 - 76/(-133). Suppose 0 = 6*l - 3*l - 282. What are the prime factors of l*(18/o + -4)?
47
Suppose 0 = 5*r - 3*u - 2403, -2*u + 2423 = 2*r + 3*r. List the prime factors of r.
3, 7, 23
Suppose 0 = 2*s + 3*b - 15, -2*b = -s + 3*b + 14. Suppose -i - 4*y + 3*y - 21 = 0, i - 2*y + 12 = 0. List the prime factors of 330/s*i/(-15).
2, 11
Let d = 144 - 144. Suppose -c - 4*w + 148 = -7*w, d = -5*c - 5*w + 840. What are the prime factors of c?
163
Let h(s) = 3*s + 38. Let f be -11*1/3*3. Let a(j) = j + 13. Let q(x) = f*a(x) + 4*h(x). What are the prime factors of q(-4)?
5
Suppose 128 + 1459 = 3*s. What are the prime factors of s?
23
Let z(m) = 6*m + 40. Let p be z(-6). Suppose -p*f = r + f - 273, f = 4. List the prime factors of r.
11, 23
Suppose -6*v + 115*m - 117*m = -6394, 5323 = 5*v - m. List the prime factors of v.
3, 5, 71
Let o(a) = a**3 - 7*a**2 - 2*a - 13. Let g be o(7). Let x = g + 0. What are the prime factors of x/(-18)*(-60)/(-2)?
3, 5
Let k = 1632 - 1087. Suppose 4*t - k = -2417. List the prime factors of t/(-10) + 16/80.
47
Let s(x) be the second derivative of -5*x**3/6 - 2*x**2 + 36*x. Suppose 3*k = -2*k - 15. What are the prime factors of s(k)?
11
Suppose 6*q = -108 + 126. Let x(h) = -7*h**3 - 1. Let p be x(-1). Suppose -3*r = p, -q*g + 28 = -2*g + r. What are the prime factors of g?
2, 3, 5
Let m(r) = 19 - 3*r + 7 - 7 + 2*r. Let j be -15 + -2 - -5 - 2. List the prime factors of m(j).
3, 11
Suppose 3*n - 405 = -3*c - n, 0 = 4*c - n - 521. List the prime factors of c.
131
Let w = -983 + 1243. What are the prime factors of w?
2, 5, 13
Let d(g) be the first derivative of 3*g + 2 + 1/4*g**4 - 1/2*g**2 - 2/3*g**3. What are the prime factors of d(4)?
31
Suppose -1129 = -5*u + 11. Suppose -4*n + u = -0*n. List the prime factors of n.
3, 19
Suppose -5*h - 3*l = -2809, l = -63 + 61. What are the prime factors of h?
563
Let l = 1425 - 1161. What are the prime factors of l?
2, 3, 11
Let j(h) = 3*h**3 - 38*h**2 + 16*h - 30. What are the prime factors of j(13)?
347
What are the prime factors of (-1)/(-7) - (23 + (-192736)/112)?
2, 3, 283
Let y(l) = -l - 35. Let b be y(6). Let i = b + 103. List the prime factors of i.
2, 31
Let p = 844 - 376. List the prime factors of p.
2, 3, 13
Suppose 4*a - 5*a + 1 = 0. Suppose 104 = n + a. What are the prime factors of n?
103
Suppose 2*n = -n + 3*b - 240, b + 320 = -4*n. Let m = 192 + n. What are the prime factors of m?
2, 7
Suppose 2*s = -i + 114, -2*s + 5*i = 29 - 155. What are the prime factors of s?
2, 29
Let n(u) = 2*u**2 - 3*u + 4. Let k be (1 - 1) + (-1 - 2). List the prime factors of n(k).
31
Suppose 2*n - 107 = 283. What are the prime factors of n?
3, 5, 13
Suppose 7*i - 28 = -7. Suppose -74 = -i*w + 5*f, 48 = 3*w - 2*w + 3*f. List the prime factors of w.
3, 11
Let q(g) = -48*g - 4. Suppose 0 = 8*x - 11 + 35. List the prime factors of q(x).
2, 5, 7
Suppose q + w - 2159 = -2*q, 4*q = -3*w + 2877. Suppose -4*r = 4*v - q, 2*r - 4*v + 26 = 368. List the prime factors of r.
3, 59
Let r(x) = 79*x + 4. Let w = 24 - 21. What are the prime factors of r(w)?
241
Let j(s) = 48*s - 40. What are the prime factors of j(4)?
2, 19
Suppose -2*m - 3*m = -0*m. Suppose -f + 672 = 5*a - m*a, 5*a = f + 668. List the prime factors of a.
2, 67
Let m = 457 - 423. What are the prime factors of m?
2, 17
Suppose 0 = 7*l - 2*l - 170. Let z = 62 - l. Let a = -1 + z. What are the prime factors of a?
3
Let r be (2/(-3))/(19/(-114)). Suppose -r*z - 5*t = -10, t + 0 = -z + 3. What are the prime factors of z?
5
Suppose -45*v + 6*v + 75387 = 0. List the prime factors of v.
1933
Suppose -5*t - 3 = 3*